 Let p(b) = b**3 + 36*b**2 - 21*b - 142. What is the hundreds digit of p(c)?
8
Let a(d) = 19*d + 133. Let i be a(-3). Suppose -i*h - 3711 = -79*h. What is the units digit of h?
7
Suppose -2*s - 2 + 27 = -5*f, 25 = -2*s - 5*f. Suppose -54 = -3*u + 96. Suppose s = g - 3*g + u. What is the tens digit of g?
2
Suppose 1 = 9*r - 17. Suppose j = -r*f + 370, 4*j + 2*f - 102 - 1354 = 0. What is the hundreds digit of j?
3
What is the hundreds digit of (-5006565)/(-175) - 126/(-2205)?
6
Let b be (144/5)/(6/20). Let h be (-204)/(-20) + (-9)/45. Let m = b - h. What is the units digit of m?
6
Let j(o) = 0 - o**3 + 14 + 0 + 15*o**2 + o. Suppose -36 + 1 = -3*b - 5*w, -19 = -b + 2*w. What is the units digit of j(b)?
9
Suppose -5*j - 2*x + 57005 = 0, -10*x = -3*j - 15*x + 34184. What is the thousands digit of j?
1
Let i(t) = 1236*t - 1389. What is the thousands digit of i(9)?
9
Let s(c) = -3*c**3 + 26*c**2 + 5*c + 42. Let t be s(9). Suppose 0 = t*y - 11*y + 6765. What is the tens digit of y?
5
Let m(k) = 4*k**2 - 230*k - 772. What is the tens digit of m(-91)?
8
Let a(p) = p - 2. Let y be a(5). Suppose -y = 2*k - 13. Suppose k*d = 887 - 17. What is the hundreds digit of d?
1
Suppose -85*d - 24270 = 34*d - 1584717. What is the units digit of d?
3
Let i be 199 - (10/(-5) - 0). Let l be (2/6)/(1/i). Suppose 2*n - 173 = -c, -n + l = 4*c - 9. What is the tens digit of n?
8
Suppose -21*w + w - 9*w = -177683. What is the tens digit of w?
2
Suppose 9*j + b = 5*j + 2275, 0 = 4*b + 4. Let q = j + -144. What is the units digit of q?
5
Let x(b) = 415*b + 5 + 424*b - 3 + 3*b**3 - 841*b - 4*b**2. Suppose -4*t + 4 + 8 = 0. What is the units digit of x(t)?
1
Suppose 0 = -14*b + 16*b - 4*y - 5546, -2*b - y = -5551. Suppose b + 1229 = 14*f. What is the hundreds digit of f?
2
Suppose 24*b - 30*b - 48 = 0. What is the thousands digit of 1340 - (7 - b/(-8))?
1
Let x = 413 - 155. Let t be -5 - -3*77/33. Suppose x = 4*j - t*j. What is the tens digit of j?
2
What is the tens digit of -5*(407784/(-60) + 17)?
9
Let j = -770 - -1536. Suppose j - 3862 = -9*b. What is the units digit of b?
4
What is the thousands digit of -4 + (4507 - (-2 - -9))?
4
Let f(z) = -z**3 + 3*z**2 + 3*z - 2. Suppose 2*t = 8*t + 18. Let x be f(t). Let q = x + 39. What is the units digit of q?
2
Let y be 4 - 2565/35 - 2/(-7). Let r = y - -74. Suppose -7*h + r*s = -3*h - 291, -3*h + 4*s + 219 = 0. What is the tens digit of h?
6
Suppose -2*k = -4*k + o + 23, -k - 2*o + 9 = 0. Suppose 50760 = 38*z - k*z. What is the hundreds digit of z?
8
Let l be (-12)/(-48) - 123/(-4). Let v = -53 + l. Let f = v - -25. What is the units digit of f?
3
Suppose 0*y + y - 15 = 0. Let b(t) = -7*t - 15*t + 3 - y*t. What is the units digit of b(-2)?
7
Suppose 4*a = y + 73991, y = -4*a + 36297 + 37696. What is the units digit of a?
8
Let c(m) = 2*m + 44. Suppose 6*t = -0*t + 24. Suppose 0 = -5*f + t*y - 38, 0 = -4*f + 3*y - 31. What is the units digit of c(f)?
4
Let b(u) = 13*u**2 + 105*u - 7. Let w be b(-8). Let y(s) = s**3 + 21*s**2 - 21*s. What is the thousands digit of y(w)?
1
What is the thousands digit of (-129918)/(-10) - 1290/(-1075)?
2
Let m(h) = h**2 + 2*h - 29. Let b be m(0). Let u = b + 41. Suppose -384 = 4*y - u*y. What is the units digit of y?
8
Suppose 114*b - 173*b = -944. Suppose -5*t = 117 + 23. What is the tens digit of 19/(t/b + 2)?
7
Suppose 318*q = 1109267 + 2475865. What is the units digit of q?
4
Let d(x) = -364*x - 44. Let k be d(-8). Suppose 19*t - 20*t - k = -3*c, 5*t + 956 = c. What is the units digit of c?
6
Suppose -77803 = -21*s + 33623. What is the thousands digit of s?
5
Suppose 3*v + 4*k - 114042 = 0, v = 8*v - 3*k - 266024. What is the units digit of v?
6
Let o be (-1206)/(-234) + (-4)/26. Suppose o*k = 3*p + 8, p = 5*p - 16. Suppose 3*l + 3*a = 96, -45 = -k*l - 5*a + 87. What is the units digit of l?
8
What is the thousands digit of ((-49470)/(-40))/((-4)/(-16))?
4
Suppose 53*b - 57*b + 1013 = k, 3*b - 4026 = -4*k. What is the hundreds digit of k?
0
Let o(u) be the third derivative of 57*u**7/280 - u**4/24 + 14*u**3/3 - 5*u**2. Let y(v) be the first derivative of o(v). What is the hundreds digit of y(1)?
1
Let n(d) = 147*d**2 + 102*d - 347. What is the tens digit of n(4)?
1
What is the thousands digit of 2443744/352 + (-36)/(-66)?
6
Suppose 6*m = m - 3*d - 593, -5*d + 262 = -2*m. Suppose 10*z + 428 = -2*q + 11*z, 0 = 4*z. Let c = m - q. What is the units digit of c?
3
Let a(s) = 8*s - 13. Let c be a(-19). Let u = c + 254. Suppose 3*h - u - 256 = 0. What is the units digit of h?
5
What is the tens digit of (6 - (-46)/(-6))/((-3)/(-30339)*-1)?
5
Let z(n) = n - 8. Let l be z(0). Let k = l - 0. Let j(d) = d**3 + 10*d**2 - 7*d - 2. What is the hundreds digit of j(k)?
1
Let u(f) = f**2 + 6*f - 19. Let b be u(-10). Suppose 0 = -3*q + 6*q + b. What is the tens digit of 48 - (-5 - q) - -3*1?
4
Let m(i) = -10*i - 100. Let d be m(-11). Suppose d*s - 2537 = 3143. What is the hundreds digit of s?
5
Let j be -19*(-4 + 2 - -1). Suppose 24 = p + j. Suppose -p*t + 852 = 5*c - 3*c, 0 = 2*t - 3*c - 337. What is the tens digit of t?
7
Suppose 20*m - 2*m - 14544 = 0. Suppose 5*l = 3*l + m. Suppose 4*g - 808 = 3*k - 6*k, 0 = 2*g + 5*k - l. What is the hundreds digit of g?
2
Suppose 0 = 4*f + 2*d + 1798, -d - 147 = -f - 598. Let l = f + 688. Suppose -3*k - l = -5*k. What is the hundreds digit of k?
1
Let o(c) = -2*c**2 - 5*c + 14. Let j be o(-4). Suppose j*i - 869 = 355. What is the tens digit of i?
1
What is the tens digit of -6 + (2/3)/((-40)/(-825180))?
4
What is the tens digit of 383 - (-5 - -10 - 16)?
9
Let q(o) = 5*o**2 - 6*o + 28. Let u be q(10). Let t = u - 114. What is the hundreds digit of t?
3
Let k be 2/(-3) + 276/36. What is the tens digit of k - (1 + 6 + -215)?
1
Let o(r) = -9*r + 14. Let a be o(7). Let u = 179 + a. Suppose 0 = -5*i + 450 - u. What is the tens digit of i?
6
Suppose 11*h - 36 = 8*h. Suppose h*v + 2525 - 6833 = 0. What is the tens digit of v?
5
Let p = -77 + 71. Let u(c) = 3*c**3 - 6*c**2 - 5*c + 6. Let h(l) = 5*l**3 - 12*l**2 - 9*l + 12. Let k(i) = 4*h(i) - 7*u(i). What is the units digit of k(p)?
2
Let l(u) = -4*u + 94. Let t(n) = -6*n + 94. Let p(c) = 4*l(c) - 3*t(c). What is the units digit of p(25)?
4
Suppose 144*o = 146*o - 7532. What is the units digit of o?
6
Let d be ((-1)/2)/((-4)/(-144)). Let x be 3/((12/d)/((-188)/(-6))). Let s = -78 - x. What is the tens digit of s?
6
Let x(r) = r**3 + 15*r**2 + 4. Suppose -4*a = 23 + 37. Let j be x(a). Suppose -q - j = -18. What is the units digit of q?
4
Let c = -28905 - -57357. What is the tens digit of c?
5
Suppose 4*x = -4*q - 684 - 1580, -q - 560 = -5*x. Let s = q - -592. What is the units digit of s?
7
Let d(a) = a - 2. Let o(x) = -2*x + 5. Let v(i) = -11*d(i) - 6*o(i). Let l be v(-3). Let h(p) = -p**3 - 10*p**2 - 4*p + 3. What is the tens digit of h(l)?
6
Let o(j) = -40315*j - 115. What is the units digit of o(-1)?
0
What is the units digit of (-45 + 65)*4870/25?
6
What is the units digit of (-21)/28*4*-1335?
5
Suppose m = 2 - 5, -t + 4 = -3*m. Let c(n) = -7*n + 19. What is the units digit of c(t)?
4
Let o = 185 - -6395. Suppose 797*n = 804*n - o. What is the hundreds digit of n?
9
Suppose 9080*x + 103425 = 9083*x. What is the hundreds digit of x?
4
Let w = -28716 + 42530. What is the tens digit of w?
1
Suppose -3*u + 4*b + 22 = 0, 0 = -5*u + 3*b + 29 - 7. Suppose 308 = u*w + 90. Suppose k - w = -5*y + 31, -2*y = 0. What is the units digit of k?
0
Let b = 104678 - 69084. What is the hundreds digit of b?
5
What is the thousands digit of (37 - -14102) + (-1)/(-1) + 0/(-3)?
4
Let b = 167 + -62. Suppose -b*n = -103*n - 494. What is the hundreds digit of n?
2
Suppose -19939 = -4*b - 3*t, 0 = 2*b - 5*t - 1397 - 8592. What is the units digit of b?
7
Suppose -158*x + 424106 = -105*x. What is the hundreds digit of x?
0
Let n be (-1 + 0)/((-2)/(-174)). Let g = 454 - n. What is the units digit of g?
1
Let w = -44032 + 63442. What is the tens digit of w?
1
What is the units digit of (0 - 3548)*(-840)/480?
9
Let g = -13305 - -24242. What is the units digit of g?
7
Let z be (-3)/(42/(-4)) - (-69)/(-21). What is the units digit of ((-176)/(-10))/1 - z/(-5)?
7
Let w = 11 + -15. What is the tens digit of 147672/112*w/(-6)?
7
Suppose 0 = 4*y + n + 12025, 508 